{"id":206868,"date":"2025-07-14T17:33:30","date_gmt":"2025-07-14T17:33:30","guid":{"rendered":"https:\/\/emdinfotech.com\/dei\/"},"modified":"2025-07-14T17:44:56","modified_gmt":"2025-07-14T17:44:56","slug":"dei","status":"publish","type":"page","link":"https:\/\/emdinfotech.com\/pt-br\/dei\/","title":{"rendered":"DEI"},"content":{"rendered":"<p>[et_pb_section fb_built=&#8221;1&#8243; admin_label=&#8221;Header &#038; Video&#8221; _builder_version=&#8221;4.25.2&#8243; _module_preset=&#8221;17ef2f68-3f10-4f0f-8ed1-d038bc8bc683&#8243; custom_margin=&#8221;||||false|false&#8221; locked=&#8221;off&#8221; collapsed=&#8221;on&#8221; global_colors_info=&#8221;{%22gcid-1f1bf5fb-a99d-4acc-8d9e-ddac074c158c%22:%91%22background_color_gradient_stops%22%93,%22gcid-a78660e1-cfc7-4771-a566-6834d6a7f06a%22:%91%22background_color_gradient_stops%22%93,%22gcid-24b0db87-dafa-47d9-995f-b90181e18c52%22:%91%22background_color_gradient_stops%22%93}&#8221;][et_pb_row _builder_version=&#8221;4.25.1&#8243; _module_preset=&#8221;default&#8221; global_colors_info=&#8221;{}&#8221;][et_pb_column type=&#8221;4_4&#8243; _builder_version=&#8221;4.25.1&#8243; _module_preset=&#8221;default&#8221; global_colors_info=&#8221;{}&#8221;][et_pb_heading title=&#8221;Compromisso com Diversidade, Equidade e Inclus\u00e3o (DEI)&#8221; _builder_version=&#8221;4.27.4&#8243; _module_preset=&#8221;15034180-4a7b-4b91-a65f-4f4e7a2efb95&#8243; title_text_color=&#8221;#FFFFFF&#8221; custom_margin=&#8221;||10px||false|false&#8221; global_colors_info=&#8221;{}&#8221;][\/et_pb_heading][et_pb_text _builder_version=&#8221;4.27.4&#8243; _module_preset=&#8221;c2a19aae-9e90-4901-ac19-c05bfda1326b&#8221;]<\/p>\n<p data-start=\"120\" data-end=\"436\" style=\"text-align: justify;\">Na EMD INFOTECH, acreditamos que a verdadeira inova\u00e7\u00e3o e o progresso v\u00eam da colabora\u00e7\u00e3o entre pessoas com diferentes experi\u00eancias, idades, habilidades e perspectivas. Para n\u00f3s, diversidade n\u00e3o se limita a g\u00eanero, origem ou etnia, mas tamb\u00e9m inclui idade, forma\u00e7\u00e3o educacional, est\u00e1gio de carreira e formas de pensar.<\/p>\n<p data-start=\"438\" data-end=\"796\" style=\"text-align: justify;\">Incentivamos ativamente a colabora\u00e7\u00e3o entre gera\u00e7\u00f5es e criamos um ambiente onde todos \u2014 independentemente da idade ou experi\u00eancia profissional \u2014 t\u00eam oportunidades iguais para aprender, crescer e contribuir. Para n\u00f3s, a paix\u00e3o por aprender, a disposi\u00e7\u00e3o para colaborar e uma atitude positiva s\u00e3o os crit\u00e9rios mais importantes para fazer parte da nossa equipe.<\/p>\n<p data-start=\"798\" data-end=\"1088\" style=\"text-align: justify;\">Oferecemos oportunidades para pessoas que pensam no futuro, que t\u00eam vontade de se desenvolver e contribuir com suas ideias e habilidades. Acreditamos no poder do conhecimento transmitido de gera\u00e7\u00e3o em gera\u00e7\u00e3o, assim como na renova\u00e7\u00e3o trazida pelas novas abordagens dos jovens profissionais.<\/p>\n<p data-start=\"1090\" data-end=\"1317\" style=\"text-align: justify;\">Nossa rotina di\u00e1ria \u00e9 baseada no respeito m\u00fatuo, na igualdade e na comunica\u00e7\u00e3o aberta. Trabalhamos continuamente para garantir que cada membro da EMD INFOTECH se sinta pertencente, seja ouvido e possa se desenvolver plenamente.<\/p>\n<p data-start=\"1319\" data-end=\"1490\" style=\"text-align: justify;\">Esse compromisso reflete nossos valores e orienta cada decis\u00e3o que tomamos, com o objetivo de criar um ambiente de trabalho melhor, mais justo e mais inclusivo para todos.<\/p>\n<p>[\/et_pb_text][et_pb_image src=&#8221;https:\/\/emdinfotech.com\/wp-content\/uploads\/2025\/07\/DEI.jpg&#8221; title_text=&#8221;DEI&#8221; _builder_version=&#8221;4.27.4&#8243; _module_preset=&#8221;default&#8221; global_colors_info=&#8221;{}&#8221;][\/et_pb_image][\/et_pb_column][\/et_pb_row][\/et_pb_section]<\/p>\n","protected":false},"excerpt":{"rendered":"<p>Na EMD INFOTECH, acreditamos que a verdadeira inova\u00e7\u00e3o e o progresso v\u00eam da colabora\u00e7\u00e3o entre pessoas com diferentes experi\u00eancias, idades, habilidades e perspectivas. Para n\u00f3s, diversidade n\u00e3o se limita a g\u00eanero, origem ou etnia, mas tamb\u00e9m inclui idade, forma\u00e7\u00e3o educacional, est\u00e1gio de carreira e formas de pensar. Incentivamos ativamente a colabora\u00e7\u00e3o entre gera\u00e7\u00f5es e criamos [&hellip;]<\/p>\n","protected":false},"author":1,"featured_media":0,"parent":0,"menu_order":0,"comment_status":"closed","ping_status":"closed","template":"","meta":{"_et_pb_use_builder":"on","_et_pb_old_content":"","_et_gb_content_width":"","footnotes":""},"class_list":["post-206868","page","type-page","status-publish","hentry"],"_links":{"self":[{"href":"https:\/\/emdinfotech.com\/pt-br\/wp-json\/wp\/v2\/pages\/206868","targetHints":{"allow":["GET"]}}],"collection":[{"href":"https:\/\/emdinfotech.com\/pt-br\/wp-json\/wp\/v2\/pages"}],"about":[{"href":"https:\/\/emdinfotech.com\/pt-br\/wp-json\/wp\/v2\/types\/page"}],"author":[{"embeddable":true,"href":"https:\/\/emdinfotech.com\/pt-br\/wp-json\/wp\/v2\/users\/1"}],"replies":[{"embeddable":true,"href":"https:\/\/emdinfotech.com\/pt-br\/wp-json\/wp\/v2\/comments?post=206868"}],"version-history":[{"count":5,"href":"https:\/\/emdinfotech.com\/pt-br\/wp-json\/wp\/v2\/pages\/206868\/revisions"}],"predecessor-version":[{"id":206893,"href":"https:\/\/emdinfotech.com\/pt-br\/wp-json\/wp\/v2\/pages\/206868\/revisions\/206893"}],"wp:attachment":[{"href":"https:\/\/emdinfotech.com\/pt-br\/wp-json\/wp\/v2\/media?parent=206868"}],"curies":[{"name":"wp","href":"https:\/\/api.w.org\/{rel}","templated":true}]}}

<p>[et_pb_section fb_built=&#8221;1&#8243; admin_label=&#8221;Header &#038; Video&#8221; _builder_version=&#8221;4.25.2&#8243; _module_preset=&#8221;17ef2f68-3f10-4f0f-8ed1-d038bc8bc683&#8243; custom_margin=&#8221;||||false|false&#8221; locked=&#8221;off&#8221; collapsed=&#8221;on&#8221; global_colors_info=&#8221;{%22gcid-1f1bf5fb-a99d-4acc-8d9e-ddac074c158c%22:%91%22background_color_gradient_stops%22%93,%22gcid-a78660e1-cfc7-4771-a566-6834d6a7f06a%22:%91%22background_color_gradient_stops%22%93,%22gcid-24b0db87-dafa-47d9-995f-b90181e18c52%22:%91%22background_color_gradient_stops%22%93}&#8221;][et_pb_row _builder_version=&#8221;4.25.1&#8243; _module_preset=&#8221;default&#8221; global_colors_info=&#8221;{}&#8221;][et_pb_column type=&#8221;4_4&#8243; _builder_version=&#8221;4.25.1&#8243; _module_preset=&#8221;default&#8221; global_colors_info=&#8221;{}&#8221;][et_pb_heading title=&#8221;Compromisso com Diversidade, Equidade e Inclusão (DEI)&#8221; _builder_version=&#8221;4.27.4&#8243; _module_preset=&#8221;15034180-4a7b-4b91-a65f-4f4e7a2efb95&#8243; title_text_color=&#8221;#FFFFFF&#8221; custom_margin=&#8221;||10px||false|false&#8221; global_colors_info=&#8221;{}&#8221;][/et_pb_heading][et_pb_text _builder_version=&#8221;4.27.4&#8243; _module_preset=&#8221;c2a19aae-9e90-4901-ac19-c05bfda1326b&#8221;]</p>
<p data-start="120" data-end="436" style="text-align: justify;">Na EMD INFOTECH, acreditamos que a verdadeira inovação e o progresso vêm da colaboração entre pessoas com diferentes experiências, idades, habilidades e perspectivas. Para nós, diversidade não se limita a gênero, origem ou etnia, mas também inclui idade, formação educacional, estágio de carreira e formas de pensar.</p>
<p data-start="438" data-end="796" style="text-align: justify;">Incentivamos ativamente a colaboração entre gerações e criamos um ambiente onde todos — independentemente da idade ou experiência profissional — têm oportunidades iguais para aprender, crescer e contribuir. Para nós, a paixão por aprender, a disposição para colaborar e uma atitude positiva são os critérios mais importantes para fazer parte da nossa equipe.</p>
<p data-start="798" data-end="1088" style="text-align: justify;">Oferecemos oportunidades para pessoas que pensam no futuro, que têm vontade de se desenvolver e contribuir com suas ideias e habilidades. Acreditamos no poder do conhecimento transmitido de geração em geração, assim como na renovação trazida pelas novas abordagens dos jovens profissionais.</p>
<p data-start="1090" data-end="1317" style="text-align: justify;">Nossa rotina diária é baseada no respeito mútuo, na igualdade e na comunicação aberta. Trabalhamos continuamente para garantir que cada membro da EMD INFOTECH se sinta pertencente, seja ouvido e possa se desenvolver plenamente.</p>
<p data-start="1319" data-end="1490" style="text-align: justify;">Esse compromisso reflete nossos valores e orienta cada decisão que tomamos, com o objetivo de criar um ambiente de trabalho melhor, mais justo e mais inclusivo para todos.</p>
<p>[/et_pb_text][et_pb_image src=&#8221;https://emdinfotech.com/wp-content/uploads/2025/07/DEI.jpg&#8221; title_text=&#8221;DEI&#8221; _builder_version=&#8221;4.27.4&#8243; _module_preset=&#8221;default&#8221; global_colors_info=&#8221;{}&#8221;][/et_pb_image][/et_pb_column][/et_pb_row][/et_pb_section]</p>

<p>Na EMD INFOTECH, acreditamos que a verdadeira inovação e o progresso vêm da colaboração entre pessoas com diferentes experiências, idades, habilidades e perspectivas. Para nós, diversidade não se limita a gênero, origem ou etnia, mas também inclui idade, formação educacional, estágio de carreira e formas de pensar. Incentivamos ativamente a colaboração entre gerações e criamos [&hellip;]</p>
