{"id":206867,"date":"2025-07-14T17:33:30","date_gmt":"2025-07-14T17:33:30","guid":{"rendered":"https:\/\/emdinfotech.com\/dei\/"},"modified":"2025-07-14T17:41:40","modified_gmt":"2025-07-14T17:41:40","slug":"dei","status":"publish","type":"page","link":"https:\/\/emdinfotech.com\/de\/dei\/","title":{"rendered":"DEI"},"content":{"rendered":"<p>[et_pb_section fb_built=&#8220;1&#8243; admin_label=&#8220;Header &#038; Video&#8220; _builder_version=&#8220;4.25.2&#8243; _module_preset=&#8220;17ef2f68-3f10-4f0f-8ed1-d038bc8bc683&#8243; custom_margin=&#8220;||||false|false&#8220; locked=&#8220;off&#8220; collapsed=&#8220;on&#8220; global_colors_info=&#8220;{%22gcid-1f1bf5fb-a99d-4acc-8d9e-ddac074c158c%22:%91%22background_color_gradient_stops%22%93,%22gcid-a78660e1-cfc7-4771-a566-6834d6a7f06a%22:%91%22background_color_gradient_stops%22%93,%22gcid-24b0db87-dafa-47d9-995f-b90181e18c52%22:%91%22background_color_gradient_stops%22%93}&#8220;][et_pb_row _builder_version=&#8220;4.25.1&#8243; _module_preset=&#8220;default&#8220; global_colors_info=&#8220;{}&#8220;][et_pb_column type=&#8220;4_4&#8243; _builder_version=&#8220;4.25.1&#8243; _module_preset=&#8220;default&#8220; global_colors_info=&#8220;{}&#8220;][et_pb_heading title=&#8220;Engagement f\u00fcr Vielfalt, Gleichberechtigung und Inklusion (DEI)&#8220; _builder_version=&#8220;4.27.4&#8243; _module_preset=&#8220;15034180-4a7b-4b91-a65f-4f4e7a2efb95&#8243; title_text_color=&#8220;#FFFFFF&#8220; custom_margin=&#8220;||10px||false|false&#8220; hover_enabled=&#8220;0&#8243; global_colors_info=&#8220;{}&#8220; sticky_enabled=&#8220;0&#8243;][\/et_pb_heading][et_pb_text _builder_version=&#8220;4.27.4&#8243; _module_preset=&#8220;c2a19aae-9e90-4901-ac19-c05bfda1326b&#8220; hover_enabled=&#8220;0&#8243; global_colors_info=&#8220;{}&#8220; sticky_enabled=&#8220;0&#8243;]<\/p>\n<p data-start=\"115\" data-end=\"490\" style=\"text-align: justify;\">Bei EMD INFOTECH sind wir \u00fcberzeugt, dass echte Innovation und Fortschritt aus der Zusammenarbeit von Menschen mit unterschiedlichen Erfahrungen, Altersgruppen, F\u00e4higkeiten und Perspektiven entstehen. F\u00fcr uns beschr\u00e4nkt sich Vielfalt nicht nur auf Geschlecht, Herkunft oder Ethnie, sondern umfasst auch das Alter, den Bildungshintergrund, die Karrierephase und die Denkweise.<\/p>\n<p data-start=\"492\" data-end=\"874\" style=\"text-align: justify;\">Wir f\u00f6rdern aktiv die generations\u00fcbergreifende Zusammenarbeit und schaffen ein Umfeld, in dem jeder \u2013 unabh\u00e4ngig von Alter oder Berufserfahrung \u2013 gleiche Chancen hat, zu lernen, sich weiterzuentwickeln und beizutragen. F\u00fcr uns sind die Leidenschaft zum Lernen, die Bereitschaft zur Mitwirkung und eine positive Einstellung die wichtigsten Kriterien, um Teil unseres Teams zu werden.<\/p>\n<p data-start=\"876\" data-end=\"1191\" style=\"text-align: justify;\">Wir bieten Chancen f\u00fcr zukunftsorientierte Menschen, die bereit sind, sich weiterzuentwickeln und mit ihren Ideen und F\u00e4higkeiten einen Beitrag zu leisten. Wir glauben an die Kraft des Wissens, das von Generation zu Generation weitergegeben wird, ebenso wie an die frischen Ans\u00e4tze, die junge Fachkr\u00e4fte einbringen.<\/p>\n<p data-start=\"1193\" data-end=\"1445\" style=\"text-align: justify;\">Unser t\u00e4gliches Handeln basiert auf gegenseitigem Respekt, Gleichberechtigung und offener Kommunikation. Wir arbeiten kontinuierlich daran, sicherzustellen, dass sich jedes Mitglied von EMD INFOTECH zugeh\u00f6rig f\u00fchlt, geh\u00f6rt wird und sich entfalten kann.<\/p>\n<p data-start=\"1447\" data-end=\"1627\" style=\"text-align: justify;\">Dieses Engagement spiegelt unsere Werte wider und leitet jede unserer Entscheidungen, mit dem Ziel, ein besseres, gerechteres und integrativeres Arbeitsumfeld f\u00fcr alle zu schaffen.<\/p>\n<p>[\/et_pb_text][et_pb_video image_src=&#8220;https:\/\/emdinfotech.com\/wp-content\/uploads\/2025\/07\/non-profit-04-1.jpg&#8220; _builder_version=&#8220;4.27.4&#8243; _module_preset=&#8220;78fad94e-195c-4825-a3d0-2498250ab712&#8243; locked=&#8220;off&#8220; global_colors_info=&#8220;{}&#8220;][\/et_pb_video][et_pb_image src=&#8220;https:\/\/emdinfotech.com\/wp-content\/uploads\/2025\/07\/DEI.jpg&#8220; title_text=&#8220;DEI&#8220; _builder_version=&#8220;4.27.4&#8243; _module_preset=&#8220;default&#8220; global_colors_info=&#8220;{}&#8220;][\/et_pb_image][\/et_pb_column][\/et_pb_row][\/et_pb_section]<\/p>\n","protected":false},"excerpt":{"rendered":"<p>Bei EMD INFOTECH sind wir \u00fcberzeugt, dass echte Innovation und Fortschritt aus der Zusammenarbeit von Menschen mit unterschiedlichen Erfahrungen, Altersgruppen, F\u00e4higkeiten und Perspektiven entstehen. F\u00fcr uns beschr\u00e4nkt sich Vielfalt nicht nur auf Geschlecht, Herkunft oder Ethnie, sondern umfasst auch das Alter, den Bildungshintergrund, die Karrierephase und die Denkweise. Wir f\u00f6rdern aktiv die generations\u00fcbergreifende Zusammenarbeit und [&hellip;]<\/p>\n","protected":false},"author":1,"featured_media":0,"parent":0,"menu_order":0,"comment_status":"closed","ping_status":"closed","template":"","meta":{"_et_pb_use_builder":"on","_et_pb_old_content":"","_et_gb_content_width":"","footnotes":""},"class_list":["post-206867","page","type-page","status-publish","hentry"],"_links":{"self":[{"href":"https:\/\/emdinfotech.com\/de\/wp-json\/wp\/v2\/pages\/206867","targetHints":{"allow":["GET"]}}],"collection":[{"href":"https:\/\/emdinfotech.com\/de\/wp-json\/wp\/v2\/pages"}],"about":[{"href":"https:\/\/emdinfotech.com\/de\/wp-json\/wp\/v2\/types\/page"}],"author":[{"embeddable":true,"href":"https:\/\/emdinfotech.com\/de\/wp-json\/wp\/v2\/users\/1"}],"replies":[{"embeddable":true,"href":"https:\/\/emdinfotech.com\/de\/wp-json\/wp\/v2\/comments?post=206867"}],"version-history":[{"count":4,"href":"https:\/\/emdinfotech.com\/de\/wp-json\/wp\/v2\/pages\/206867\/revisions"}],"predecessor-version":[{"id":206881,"href":"https:\/\/emdinfotech.com\/de\/wp-json\/wp\/v2\/pages\/206867\/revisions\/206881"}],"wp:attachment":[{"href":"https:\/\/emdinfotech.com\/de\/wp-json\/wp\/v2\/media?parent=206867"}],"curies":[{"name":"wp","href":"https:\/\/api.w.org\/{rel}","templated":true}]}}

<p>[et_pb_section fb_built=&#8220;1&#8243; admin_label=&#8220;Header &#038; Video&#8220; _builder_version=&#8220;4.25.2&#8243; _module_preset=&#8220;17ef2f68-3f10-4f0f-8ed1-d038bc8bc683&#8243; custom_margin=&#8220;||||false|false&#8220; locked=&#8220;off&#8220; collapsed=&#8220;on&#8220; global_colors_info=&#8220;{%22gcid-1f1bf5fb-a99d-4acc-8d9e-ddac074c158c%22:%91%22background_color_gradient_stops%22%93,%22gcid-a78660e1-cfc7-4771-a566-6834d6a7f06a%22:%91%22background_color_gradient_stops%22%93,%22gcid-24b0db87-dafa-47d9-995f-b90181e18c52%22:%91%22background_color_gradient_stops%22%93}&#8220;][et_pb_row _builder_version=&#8220;4.25.1&#8243; _module_preset=&#8220;default&#8220; global_colors_info=&#8220;{}&#8220;][et_pb_column type=&#8220;4_4&#8243; _builder_version=&#8220;4.25.1&#8243; _module_preset=&#8220;default&#8220; global_colors_info=&#8220;{}&#8220;][et_pb_heading title=&#8220;Engagement für Vielfalt, Gleichberechtigung und Inklusion (DEI)&#8220; _builder_version=&#8220;4.27.4&#8243; _module_preset=&#8220;15034180-4a7b-4b91-a65f-4f4e7a2efb95&#8243; title_text_color=&#8220;#FFFFFF&#8220; custom_margin=&#8220;||10px||false|false&#8220; hover_enabled=&#8220;0&#8243; global_colors_info=&#8220;{}&#8220; sticky_enabled=&#8220;0&#8243;][/et_pb_heading][et_pb_text _builder_version=&#8220;4.27.4&#8243; _module_preset=&#8220;c2a19aae-9e90-4901-ac19-c05bfda1326b&#8220; hover_enabled=&#8220;0&#8243; global_colors_info=&#8220;{}&#8220; sticky_enabled=&#8220;0&#8243;]</p>
<p data-start="115" data-end="490" style="text-align: justify;">Bei EMD INFOTECH sind wir überzeugt, dass echte Innovation und Fortschritt aus der Zusammenarbeit von Menschen mit unterschiedlichen Erfahrungen, Altersgruppen, Fähigkeiten und Perspektiven entstehen. Für uns beschränkt sich Vielfalt nicht nur auf Geschlecht, Herkunft oder Ethnie, sondern umfasst auch das Alter, den Bildungshintergrund, die Karrierephase und die Denkweise.</p>
<p data-start="492" data-end="874" style="text-align: justify;">Wir fördern aktiv die generationsübergreifende Zusammenarbeit und schaffen ein Umfeld, in dem jeder – unabhängig von Alter oder Berufserfahrung – gleiche Chancen hat, zu lernen, sich weiterzuentwickeln und beizutragen. Für uns sind die Leidenschaft zum Lernen, die Bereitschaft zur Mitwirkung und eine positive Einstellung die wichtigsten Kriterien, um Teil unseres Teams zu werden.</p>
<p data-start="876" data-end="1191" style="text-align: justify;">Wir bieten Chancen für zukunftsorientierte Menschen, die bereit sind, sich weiterzuentwickeln und mit ihren Ideen und Fähigkeiten einen Beitrag zu leisten. Wir glauben an die Kraft des Wissens, das von Generation zu Generation weitergegeben wird, ebenso wie an die frischen Ansätze, die junge Fachkräfte einbringen.</p>
<p data-start="1193" data-end="1445" style="text-align: justify;">Unser tägliches Handeln basiert auf gegenseitigem Respekt, Gleichberechtigung und offener Kommunikation. Wir arbeiten kontinuierlich daran, sicherzustellen, dass sich jedes Mitglied von EMD INFOTECH zugehörig fühlt, gehört wird und sich entfalten kann.</p>
<p data-start="1447" data-end="1627" style="text-align: justify;">Dieses Engagement spiegelt unsere Werte wider und leitet jede unserer Entscheidungen, mit dem Ziel, ein besseres, gerechteres und integrativeres Arbeitsumfeld für alle zu schaffen.</p>
<p>[/et_pb_text][et_pb_video image_src=&#8220;https://emdinfotech.com/wp-content/uploads/2025/07/non-profit-04-1.jpg&#8220; _builder_version=&#8220;4.27.4&#8243; _module_preset=&#8220;78fad94e-195c-4825-a3d0-2498250ab712&#8243; locked=&#8220;off&#8220; global_colors_info=&#8220;{}&#8220;][/et_pb_video][et_pb_image src=&#8220;https://emdinfotech.com/wp-content/uploads/2025/07/DEI.jpg&#8220; title_text=&#8220;DEI&#8220; _builder_version=&#8220;4.27.4&#8243; _module_preset=&#8220;default&#8220; global_colors_info=&#8220;{}&#8220;][/et_pb_image][/et_pb_column][/et_pb_row][/et_pb_section]</p>

<p>Bei EMD INFOTECH sind wir überzeugt, dass echte Innovation und Fortschritt aus der Zusammenarbeit von Menschen mit unterschiedlichen Erfahrungen, Altersgruppen, Fähigkeiten und Perspektiven entstehen. Für uns beschränkt sich Vielfalt nicht nur auf Geschlecht, Herkunft oder Ethnie, sondern umfasst auch das Alter, den Bildungshintergrund, die Karrierephase und die Denkweise. Wir fördern aktiv die generationsübergreifende Zusammenarbeit und [&hellip;]</p>
